vative of 0*g - 1/3*g**3 - 3*g**2 + 1/12*g**4 + 0. What is j(-3)?
-8
Let p(k) = k - 9. Let c be -8*6/4*2/(-3). What is p(c)?
-1
Let c(j) = 4*j - 1. Let n = 7 + -2. Suppose -4*z + n = -9*z. Give c(z).
-5
Let m(f) = -f**2 + 7*f - 4. Let v(d) = -d**3 - 4*d**2 - d + 2. Let r be v(-4). What is m(r)?
2
Let s be (-5*2)/((-22)/11). Let h(r) = s + 0*r - 2 - r. What is h(5)?
-2
Let p(x) be the second derivative of -2*x**2 - x**3 - 4*x + 0 - 1/12*x**4. Calculate p(-5).
1
Let f(l) = -8*l**3 + 20*l**2 - 9*l - 5. Let g(h) = -3*h**3 + 7*h**2 - 3*h - 2. Let v = -13 - -24. Let q(d) = v*g(d) - 4*f(d). Give q(-4).
2
Let p(a) be the first derivative of -a**4/12 + 2*a**3/3 - 5*a**2/2 + a + 1. Let f(m) be the first derivative of p(m). Suppose 4*s + 0 = 16. What is f(s)?
-5
Let b(n) be the first derivative of 3*n**2/2 + 5*n + 1. Let c(q) = 2*q - 1 + 3 - q. Let u(d) = -4*b(d) + 11*c(d). What is u(-5)?
7
Let p(z) = 6*z - 5. Let w(y) = 11*y - 9. Let q = 5 + -10. Let l(t) = q*p(t) + 3*w(t). Let o(s) = s**3 - 7*s**2 + 6*s - 2. Let u be o(6). Give l(u).
-8
Let q be (2/(-8))/((-3)/12). Let p(b) = -10*b**2 - 1. Give p(q).
-11
Let i = -21 + 35. Let x = i - 8. Let w(j) = -j**3 + 6*j**2 + 1. What is w(x)?
1
Let v be (-9 + 2)*24/28. Let a(i) be the third derivative of i**5/60 + 7*i**4/24 + 5*i**3/6 - i**2. Determine a(v).
-1
Let x(v) = 12*v - 5. Let z(c) = 1. Let q(p) = x(p) + 4*z(p). What is q(1)?
11
Suppose -6 = 2*o + 4*f + 6, 3*f = 2*o + 12. Let i(z) = z**2 + 7*z + 8. Give i(o).
2
Suppose 1 - 4 = -q. Suppose 4*o + 1 = g - 6, -q*g - 2*o = -7. Let b(a) = a - 4. Give b(g).
-1
Suppose 0 = 9*t - 3*t. Suppose 2*y - 3*y + 7 = t. Let z(k) = -k + 8. Calculate z(y).
1
Let o(z) be the first derivative of z**2 + 4*z - 9. Give o(-6).
-8
Let u(h) = 7*h**3 + 4*h**2 + 8*h + 3. Let o(q) = q**3 + q + 1. Let j(v) = -6*o(v) + u(v). Give j(-3).
0
Let q = -2 + 5. Let c(b) = -4*b**2 + q*b**2 - 1 + 3*b**2 - b**2. Determine c(1).
0
Let j(z) be the first derivative of -z**3/3 + 4*z**2 - 9*z - 49. Determine j(6).
3
Suppose -k - 5*f + 15 = 0, -f + 4*f + 4 = 2*k. Let u(g) = -48*g - g**2 + 18*g + 14*g + 3 + 20*g. What is u(k)?
-2
Let p(l) = 4*l. Let k(y) = -y. Let u(a) = -8*k(a) + 2*p(a). Calculate u(-1).
-16
Let d(u) = -7 + 3*u + 8 + 2*u + 3*u. Determine d(-1).
-7
Let k = 8 + -11. Let c(l) = -l**3 - 5*l**2 - 2*l + 4. Give c(k).
-8
Suppose -b - 7 = -2*b - g, 4*g = -3*b + 25. Let x(q) = 6*q**3 - 4*q - 5*q**3 + b*q**2 + 5*q. Calculate x(-1).
1
Let g(f) = -3*f**2 - 4*f - 1. Let v(i) = 5*i**2 + 6*i + 2. Let h(c) = -8*g(c) - 5*v(c). Give h(4).
-10
Let a(w) = w**3 + 6*w**2 - 8*w + 5. Let t(d) = d**2 - 6*d - 14. Let l be t(7). Calculate a(l).
12
Let l(a) = -a**3 + 7*a**2 - 4*a - 6. Let r be (-100)/(-24) + 2/(-12). Suppose 0 = m + z - 3, 0 = 3*m - m - r*z - 24. Determine l(m).
6
Let z(o) = -o + 3. Let v(q) = -1. Let f(j) = 2*v(j) + z(j). Let b be (2 - (-2)/(-6))*3. Let c be 28/(-10) - 1/b. Give f(c).
4
Let i(u) = 21*u - 17. Let o(y) = 11*y - 9. Let p(h) = 6*i(h) - 11*o(h). What is p(3)?
12
Suppose -5*v - 12 - 23 = 0. Let f(r) = 7*r**3 + 7*r**2 - 7*r + 1. Let x(o) = -8*o**3 - 8*o**2 + 8*o - 1. Let a(l) = v*f(l) - 6*x(l). Give a(2).
-11
Let r(d) = d**3 - 7*d**2 + 8*d - 7. Let p = 1 - -5. Determine r(p).
5
Suppose 0 = -2*b + 4*b - 10. Let v(u) be the third derivative of u**4/12 - u**3 + 3*u**2. Determine v(b).
4
Let j(n) = -n**2 + n - 3. Suppose -4*b + 5*l + 0*l + 15 = 0, 0 = -4*b - 3*l - 9. Suppose -a - 4*a = b. Let c be a/((-2)/(-2 + 1)). What is j(c)?
-3
Suppose 2*k - 3 = 3*z + 1, 25 = 5*k. Suppose 27 = 4*v - 5*y, 0 = -4*v + 3*v + z*y + 6. Let n(h) = -h - v + 2 + 2*h. Give n(3).
-3
Let f(d) = d - 3. Let m be (-3 + 2)/(3/(-6)). Suppose 3*j - 5*x = 14, -3*j - m*j - 4*x + 11 = 0. Determine f(j).
0
Let c(z) be the second derivative of -z**3/6 + z**2/2 + 6*z. Suppose 11 = 3*b - 10. Suppose 0 = 3*u + 22 - b. Calculate c(u).
6
Let c(f) = 2*f**2 - 4*f + 1. Suppose 2*o = -3 + 11. Let z = o - 2. Let t be (-1)/(z*(-3)/18). Give c(t).
7
Let p(v) = v**3 - 5*v**2 - 1. Let n(z) be the first derivative of z**2 - 9*z + 1. Let y = 15 + -8. Let j be n(y). Give p(j).
-1
Suppose -2*r - 17 = -3*r + 5*y, 0 = 3*r - 3*y - 3. Let s(u) = -5*u**2 - 5*u - 11. Let q(p) = 3*p**2 + 3*p + 6. Let x(o) = 7*q(o) + 4*s(o). Calculate x(r).
4
Let m(i) = i**2 + 3*i - 5. Suppose 5*h = 2*h - 9. Let d = h + -2. Calculate m(d).
5
Let b(m) = -6*m**2 - 1. Let n = -57 + 56. Determine b(n).
-7
Let r(c) = 3*c**2 + 6*c + 2 + 0*c**3 - c**3 - 8. Let f be r(4). Let b(u) = -u + u**2 + f + 0 - 3*u. Calculate b(4).
2
Let f(l) = 4*l**2 - 3*l + 1. Let x(r) = -r**2 + r. Let c(d) = f(d) + 3*x(d). Let m = -8 - -3. Let q = m + 5. Determine c(q).
1
Let v be ((-15)/(-6) + -3)*-6. Let i(c) = 0*c - 3*c + c - 4 + c**2 + c. What is i(v)?
2
Suppose 14*b = 11*b - 3. Let j(y) = 13*y + 3. Let g(m) = m + 1. Let v(o) = b*j(o) + 4*g(o). Give v(1).
-8
Suppose -3 = -d + 2. Let t(v) be the third derivative of 0*v + 0*v**4 - 7/6*v**3 + v**2 + 1/60*v**d + 0. Calculate t(0).
-7
Let h(i) = 6 + 0 - 4 + 2*i. What is h(7)?
16
Let r(a) = -10*a - 4. Let p = 90 + -93. Determine r(p).
26
Let p(n) be the third derivative of -n**4/24 - 15*n**2. Let j = -1 - -4. Suppose -z = -i - 1, 3*i = -j*z + z - 23. What is p(z)?
4
Let s(d) = -2*d + 4*d - d - 2*d + 3. Give s(-5).
8
Let x(k) = k + 7. Suppose -2*j - 2*l - 19 = -3, 4*j + 5*l = -34. Determine x(j).
1
Let q(l) = l**3 + 2*l**2 - l - 2. Let j be q(-2). Let i(w) be the first derivative of w**4/4 + w**2/2 + 2. Determine i(j).
0
Let h(l) be the third derivative of l**4/24 + 20*l**2. Calculate h(-3).
-3
Let c(x) = 2*x - 4. Let y(w) = w**2 + 7*w - 19. Let g be y(-9). Let j(u) = 3*u**2 - u. Let l be j(g). Determine c(l).
4
Let d(f) = f**2 + 5*f + 2. Let v = 17 - 20. Let b(y) = y**2 + 3 - y - 1 - 2*y**2. Let c be b(v). Give d(c).
-2
Let h be (-2 - -3)*(0 + 0). Let u(x) = -2*x + h + 2 - 4. Suppose 9 = -5*r - 2*g - 3, 0 = -r + 2*g. What is u(r)?
2
Suppose 0 = 3*l + 4*x + 13, 0 = -x + 2*x - 2. Let f(b) = b**3 + 6*b**2 - 6*b + 4. Give f(l).
-3
Let u(l) = 14*l + 20. Let f(c) = 0 - 5*c - 3 - 5 + 1. Let k(h) = -17*f(h) - 6*u(h). Give k(-4).
-5
Let o(i) be the first derivative of 5/3*i**3 + 0*i - 1/2*i**2 + 2. Let u(w) = w**3 + 8*w**2 + 8*w + 6. Let x be u(-7). Give o(x).
6
Let k = 92 - 100. Let w(q) = q**3 + 7*q**2 - 7*q + 8. Give w(k).
0
Let o(p) = -p**3 - 11*p**2 - 8*p + 23. Let q be o(-10). Let g(l) = -l**3 + 3*l**2 - 2*l - 4. Determine g(q).
-10
Suppose a = j - 5, 0 = -0*j + j + 4*a. Suppose -j*c = -16 - 8. Let x(o) = o**3 - 7*o**2 + 6*o + 2. Give x(c).
2
Let g(j) = -j**2 + j + 1. Suppose 7*s - 11*s - 16 = 0. Give g(s).
-19
Let h(p) = p**3 + 5*p**2 - 5*p + 4. Let z be h(-6). Let q(l) = -5*l**2 - 7*l - 3. Let f(o) = 4*o**2 + 6*o + 3. Let b(w) = -4*f(w) - 3*q(w). Give b(z).
-1
Let m(x) be the second derivative of x**3/3 + 10*x. Calculate m(-2).
-4
Suppose 0 = -x + 2*m, -5*x + m + 10 = -17. Let c(i) be the third derivative of -i**5/60 + 7*i**4/24 - i**3/2 + 3*i**2. Give c(x).
3
Let t(z) = z**2 + 7*z + 5. Let k(b) = -b**2 + 4*b + 2. Let q be k(4). Suppose -4*l - 2*d - 14 = 0, -q*l + d = -l + 2. Let m be ((-21)/l - 2)/(-1). What is t(m)?
-5
Let i(m) = -m**2 + 7*m - 5. Let t be -3*(-1)/15 - 109/(-5). Let u = 0 + 1. Suppose 5*a - t = r - u, 0 = 2*r - 4*a + 12. Calculate i(r).
7
Suppose -42 = -3*i - 0*w - w, -i = 2*w - 19. Suppose 2*q + 4*p - 16 = 0, 5*p - i - 2 = 0. Let h(k) = k**3 - 5*k**2 + k + 2. Determine h(q).
-8
Let f = -10 - -13. Let z(p) = -p**3 + 7*p + f*p**2 - 5 + p**2 - p**2 + p**2. Let y(l) = l**2 + 4*l + 5. Let t be y(-4). Determine z(t).
5
Let j(c) = -c - 9. Suppose -u + b - 2*b = 0, 0 = -2*b. Calculate j(u).
-9
Let z(g) = 9*g**3 + 2*g**2 + 5*g + 4. Let y(d) = 4*d**3 + 2*d + 2. Let r(i) = -7*y(i) + 3*z(i). Give r(6).
4
Let w(v) = 2*v + 323 + 315 - 637. Let g(k) = k**3 + k**2 - k + 3. Let n be g(0). What is w(n)?
7
Let b(k) = -2*k**2 + 5*k - 7. Let m(g) = g**2. Let y = 16 - 17. Let a(s) = y*b(s) - 3*m(s). What is a(-5)?
7
Let s be 10/(-45) + 86/(-18). Let o(k) = -4*k**3 - 11*k**2 - 5*k - 21. Let u(p) = -p**3 - 3*p**2 - p - 5. Let h(g) = -2*o(g) + 9*u(g). Give h(s).
-8
Let k be (0 - 5)*14/(-35). Let l(r) be the third derivative of r**6/120 - r**5/30 + r**4/8 - r**3/2 - r**2. Determine l(k).
3
Let d(p) = -2*p - 4. Let f(n) = n - 1. Let s(y) = -d(y) - f(y).